82?
8
What is the ten millions digit of 13165058?
1
What is the tens digit of 2857611?
1
What is the tens digit of 2720588?
8
What is the thousands digit of 33648?
3
What is the thousands digit of 106927?
6
What is the hundred thousands digit of 2287156?
2
What is the ten thousands digit of 120396?
2
What is the units digit of 85814?
4
What is the thousands digit of 380226?
0
What is the units digit of 5643532?
2
What is the millions digit of 4059000?
4
What is the ten thousands digit of 645308?
4
What is the millions digit of 4404320?
4
What is the thousands digit of 298094?
8
What is the hundreds digit of 5383824?
8
What is the units digit of 744407?
7
What is the ten millions digit of 28974131?
2
What is the hundred thousands digit of 1277659?
2
What is the ten thousands digit of 81991?
8
What is the ten thousands digit of 5545916?
4
What is the ten thousands digit of 10356866?
5
What is the millions digit of 1494033?
1
What is the ten thousands digit of 18163859?
6
What is the hundreds digit of 39178?
1
What is the tens digit of 2154645?
4
What is the ten thousands digit of 432484?
3
What is the hundred thousands digit of 11072806?
0
What is the millions digit of 1702735?
1
What is the tens digit of 6761935?
3
What is the thousands digit of 7818483?
8
What is the hundreds digit of 31416223?
2
What is the ten thousands digit of 122475?
2
What is the units digit of 3401773?
3
What is the ten thousands digit of 145509?
4
What is the tens digit of 734451?
5
What is the thousands digit of 10435602?
5
What is the ten thousands digit of 155154?
5
What is the hundreds digit of 233478?
4
What is the hundred thousands digit of 2595674?
5
What is the ten thousands digit of 3566733?
6
What is the hundreds digit of 1993622?
6
What is the thousands digit of 1268499?
8
What is the thousands digit of 255136?
5
What is the ten thousands digit of 1749946?
4
What is the ten millions digit of 14762857?
1
What is the hundreds digit of 28419252?
2
What is the millions digit of 6872881?
6
What is the tens digit of 6432833?
3
What is the ten thousands digit of 34027?
3
What is the thousands digit of 18048089?
8
What is the hundred thousands digit of 2852857?
8
What is the hundred thousands digit of 132459?
1
What is the tens digit of 63842?
4
What is the hundreds digit of 80665?
6
What is the ten thousands digit of 1815902?
1
What is the millions digit of 2250438?
2
What is the units digit of 1045907?
7
What is the hundred thousands digit of 238110?
2
What is the millions digit of 6469580?
6
What is the hundred thousands digit of 3890174?
8
What is the thousands digit of 1616184?
6
What is the hundred thousands digit of 1008699?
0
What is the units digit of 784056?
6
What is the ten thousands digit of 18379258?
7
What is the tens digit of 4524258?
5
What is the hundreds digit of 602041?
0
What is the millions digit of 2792675?
2
What is the hundred thousands digit of 7249851?
2
What is the hundred thousands digit of 12377879?
3
What is the millions digit of 1087086?
1
What is the units digit of 145098?
8
What is the hundred thousands digit of 2828587?
8
What is the units digit of 284160?
0
What is the hundreds digit of 1261749?
7
What is the hundred thousands digit of 3300656?
3
What is the units digit of 735733?
3
What is the thousands digit of 679758?
9
What is the thousands digit of 1609983?
9
What is the ten thousands digit of 770579?
7
What is the thousands digit of 271356?
1
What is the tens digit of 338149?
4
What is the units digit of 6077566?
6
What is the ten thousands digit of 394735?
9
What is the units digit of 1677810?
0
What is the thousands digit of 27327651?
7
What is the units digit of 3024127?
7
What is the ten thousands digit of 98670?
9
What is the millions digit of 2141186?
2
What is the hundred thousands digit of 1534594?
5
What is the hundreds digit of 324990?
9
What is the ten millions digit of 15848943?
1
What is the hundred thousands digit of 32116529?
1
What is the hundreds digit of 6711685?
6
What is the millions digit of 1507764?
1
What is the tens digit of 69785?
8
What is the millions digit of 6328964?
6
What is the units digit of 19798?
8
What is the millions digit of 1275862?
1
What is the tens digit of 1973504?
0
What is the ten thousands digit of 8592454?
9
What is the ten thousands digit of 460966?
6
What is the thousands digit of 1041596?
1
What is the tens digit of 3794225?
2
What is the millions digit of 1298992?
1
What is the tens digit of 178156?
5
What is the hundreds digit of 2502654?
6
What is the ten thousands digit of 856622?
5
What is the thousands digit of 5900?
5
What is the tens digit of 1705116?
1
What is the hundreds digit of 1907488?
4
What is the hundreds digit of 648210?
2
What is the hundreds digit of 3894082?
0
What is the hundred thousands digit of 4716914?
7
What is the tens digit of 1838320?
2
What is the millions digit of 18284911?
8
What is the hundreds digit of 188972?
9
What is the hundreds digit of 293664?
6
What is the hundreds digit of 8013513?
5
What is the thousands digit of 3671741?
1
What is the units digit of 259212?
2
What is the hundred thousands digit of 4039235?
0
What is the ten thousands digit of 628492?
2
What is the units digit of 25266280?
0
What is the thousands digit of 4524613?
4
What is the hundreds digit of 8871030?
0
What is the hundreds digit of 59929?
9
What is the thousands digit of 354466?
4
What is the units digit of 932106?
6
What is the thousands digit of 851296?
1
What is the ten thousands digit of 777178?
7
What is the units digit of 5995758?
8
What is the ten thousands digit of 1408517?
0
What is the hundred thousands digit of 637619?
6
What is the thousands digit of 74998?
4
What is the ten thousands digit of 13218235?
1
What is the hundreds digit of 151681?
6
What is the hundred thousands digit of 2594049?
5
What is the thousands digit of 426219?
6
What is the hundred thousands digit of 12451952?
4
What is the millions digit of 13744350?
3
What is the thousands digit of 1524432?
4
What is the thousands digit of 2390603?
0
What is the thousands digit of 715929?
5
What is the hundred thousands digit of 6920057?
9
What is the tens digit of 5974055?
5
What is the units digit of 3538225?
5
What is the hundred thousands digit of 288235?
2
What is the tens digit of 1858215?
1
What is the hundreds digit of 198380?
3
What is the thousands digit of 8842154?
2
What is the hundreds digit of 392923?
9
What is the units digit of 1368046?
6
What is the hundreds digit of 679184?
1
What is the units digit of 1437947?
7
What is the tens digit of 1311376?
7
What is the millions digit of 2211699?
2
What is the units digit of 5617807?
7
What is the hundreds digit of 1404520?
5
What is the tens digit of 144208?
0
What is the tens digit of 1006045?
4
What is the hundred thousands digit of 2039160?
0
What is the ten thousands digit of 2027381?
2
What is the tens digit of 328250?
5
What is the units digit of 1468762?
2
What is the tens digit of 45616?
1
What is the tens digit of 1437101?
0
What is the ten thousands digit of 25694956?
9
What is the tens digit of 725583?
8
What is the ten thousands digit of 17225275?
2
What is the units digit of 634315?
5
What is the tens digit of 545741?
4
What is the hundred thousands digit of 739765?
7
What is the ten thousands digit of 5923833?
2
What is the millions digit of 19184856?
9
What is the tens digit of 5319500?
0
What is the ten thousands digit of 2578394?
7
What is the millions digit of 10585366?
0
What is the units digit of 1290984?
4
What is the units digit of 192105?
5
What is the tens digit of 312470?
7
What is the thousands digit of 853650?
3
What is the hundred thousands digit of 219767?
2
What is the units digit of 156718?
8
What is the tens digit of 336063?
6
What is the ten millions digit of 12298045?
1
What is the thousands digit of 22074051?
4
What is the units digit of 6064384?
4
What is the tens digit of 153118?
1
What is the thousands digit of 40194?
0
What is the units digit of 317954?
4
What is the tens digit of 74106?
0
What is the hundred thousands digit of 3614350?
6
What is the ten thousands digit of 149394?
4
What is the thousands digit of 1974580?
4
What is the hundreds digit of 464148?
1
What is the ten thousands d